-4)/(-54)*1). What is the greatest common factor of 18 and r?
9
Suppose 793 = 5*y + 213. Let w(l) = 98*l - 2715. Let m be w(28). Calculate the greatest common factor of y and m.
29
Let q be (2 - 24/(-36))/((-8)/(-318)). Calculate the highest common divisor of q and 848.
106
Let b(p) = 22*p + 520. Let l be b(-17). Calculate the greatest common factor of l and 2.
2
Let h(v) = -219*v - 59. Let l(z) = -z**2 - 13*z + 13. Let x be l(-14). Let o be h(x). Calculate the highest common factor of o and 4.
4
Let k(s) = s**2 + 53*s - 12 - 21*s - 7. Let i be k(-33). Suppose 5*c = -4*b + 136, -5*c + 5*b + 0*b + 145 = 0. What is the greatest common divisor of c and i?
14
Let h = 21627 - 21307. Calculate the greatest common divisor of 13040 and h.
80
Let t be (-6 + 1 + 2)*(-717)/9. Let a = t - 227. What is the highest common divisor of 174 and a?
6
Suppose 229*a = 200*a + 261. Calculate the greatest common factor of 1521 and a.
9
Let u be (44/(-24) + 2)*-2*-9. Suppose -u*n + 9 = 5*s, 2*s - n - 8 = -0*s. What is the highest common factor of s and 75?
3
Let w be (99/6 + 6 + (-7 - 10))*18. Let j = 6 + 0. What is the greatest common factor of w and j?
3
Let v be (17 + 2163/(-84))*(0 + -4). Calculate the highest common divisor of 161 and v.
7
Let h = 19 + -25. Let r be (-2)/14 - h/(-7) - -4. Suppose 4*y + r*f - 10 = -0, -2*y + f = 0. What is the greatest common divisor of 11 and y?
1
Let f be (-199*11/(-22))/(3009/1002 + -3). Calculate the greatest common factor of f and 167.
167
Let u be 1*((-5)/10 + (-2601)/(-34)). What is the greatest common divisor of 32 and u?
4
Let v(y) = 11*y - 7. Let q(l) = 23*l - 13. Let z(r) = -4*q(r) + 7*v(r). Let t be z(-8). Let j = -81 + t. Calculate the highest common divisor of j and 105.
21
Suppose -6 = s, 133 - 63 = 4*y - s. What is the greatest common factor of y and 634?
2
Let p be 0 + 63 - (15 - (20 + 11) - (-22 - 1)). Let m = -10 - -3. Let a = m - -11. What is the highest common divisor of p and a?
4
Let d(o) = o**3 - 104*o**2 + 892*o + 18. Let z be d(9). What is the greatest common divisor of 91 and z?
13
Let c be -2*1/4*100/(-50). Suppose 152 = 4*s - 2*z, 2*z - c = 2*s - 79. Calculate the highest common factor of s and 37.
37
Let m = -138 + 147. Let i(v) = -v**3 + 10*v**2 - 27. Let y be i(m). What is the highest common factor of y and 12?
6
Let c = -1031 + 1061. Suppose 2*s - 5*w - 46 = 0, 2*w - 64 = -4*s + 4. Calculate the greatest common factor of c and s.
6
Suppose 5*g - 3*b = 21, -b + 2 - 10 = -2*g. Suppose 7*q = g*q + 8. Suppose 0 = q*w + 6, i + i = -3*w + 27. Calculate the greatest common factor of i and 2.
2
Let h = 1367 - 1447. Let x = 36 - 100. Let z = x - h. Calculate the highest common divisor of 256 and z.
16
Suppose -4*o = 2 + 2, 0 = -2*q + 5*o + 33. Suppose 0 = -5*u + 8*u. Let f be u/1 + 12 + -5. Calculate the greatest common factor of q and f.
7
Let s = 2851 + 3752. What is the greatest common factor of s and 1704?
213
Let l = 5515 + -5479. Let g(k) = 44*k + 16. Let h be g(4). Calculate the greatest common factor of h and l.
12
Let f be 4/(-10) + (-1326)/(-65). Suppose h - 2*r = 34, -2*h + 5*h - 2*r = 98. Let o = h - 12. What is the greatest common divisor of f and o?
20
Let y(a) = 2*a**2 + 4*a + 53. Let f be y(0). What is the highest common factor of f and 1961?
53
Let a = 1012 - 997. What is the highest common divisor of a and 580?
5
Let f = -177 - -238. Suppose 4*b + 21 = l, -4*b - 17 = 4*l - f. Calculate the highest common divisor of l and 351.
13
Suppose 0 = 17*p - 16*p - 5*d - 160, -d - 2 = 0. Let n be (-4 - -1) + 9 + p. What is the greatest common factor of n and 52?
52
Suppose -5*c - 1511 = 1694. Let x = c - -938. What is the highest common divisor of 27 and x?
27
Let u = -223 - -227. Suppose -3*p + d = -113, 0 = -p - 0*d - u*d + 55. Calculate the greatest common factor of p and 39.
39
Suppose -101*k - 667*k = -10752. Let p be (-8068)/(-18) + (-10)/45. Calculate the greatest common divisor of p and k.
14
Let n be (0 + 2)*34/4. Let d = -38781 + 39172. Calculate the highest common factor of n and d.
17
Suppose 252*u = 315*u - 3465. Calculate the highest common divisor of u and 143.
11
Suppose 87 - 102 = -5*o. Suppose 3*z - 205 = -0*z - 2*l, -170 = -o*z + 5*l. What is the highest common divisor of z and 10?
5
Let o = 6337 - 6107. What is the highest common divisor of 170 and o?
10
Let a be (-2370)/(-1659) + 1724/28. Suppose 218 = -4*o - 126. Let t be o/(-10) - (-4)/10. What is the greatest common factor of t and a?
9
Let h be 1734 - (-1 - (4 - (-4 + 3)))/(-1). Calculate the greatest common factor of 189 and h.
27
Let k = 180 - 170. Suppose 2*l = 2*a - 128, -k*a + 134 = -8*a + 4*l. Let d be 11 - -2 - (0 - 0). What is the highest common divisor of a and d?
13
Let k be (-20)/3*(-47 + -1). Suppose 32*r + k = 34*r. Suppose -21*z = -11*z - r. Calculate the highest common divisor of z and 2.
2
Suppose 162 = -2*u + 5*u. Let p = -34 + 64. Suppose 5*l - p = -0*l. Calculate the greatest common factor of l and u.
6
Let m(d) = -34*d + 194. Let c(f) = 72*f - 387. Let i(x) = 2*c(x) + 5*m(x). Let r be i(-16). What is the greatest common divisor of 72 and r?
36
Let c be (-3)/7 + (-6)/(-14). Suppose -19*n + 25*n - 126 = c. Calculate the greatest common factor of 168 and n.
21
Let m be 140358/22 - 42/(-462). Calculate the greatest common divisor of m and 20.
20
Suppose -5*r + 539 = -516. Let s = r + -146. Let m(i) = -2*i**2 - 25*i - 37. Let b be m(-9). What is the greatest common divisor of s and b?
13
Let o(z) = 976*z + 6197. Let n be o(-6). What is the greatest common divisor of 186 and n?
31
Suppose 3*a + 10 = 4*a. Suppose -305*c + 1389 - 169 = 0. Calculate the greatest common factor of c and a.
2
Suppose 0 = 40*x - x - 3120. Let r = 81 - 33. Calculate the greatest common factor of x and r.
16
Let i(c) = -3*c**2 - 69*c - 192. Let d be i(-19). Calculate the greatest common factor of 136 and d.
4
Suppose -160957 + 652357 = 140*h. Calculate the highest common factor of 1365 and h.
195
Let s(g) = 17*g**2 + 5*g + 8. Let j be s(-2). Let h = 92 + 205. What is the highest common divisor of j and h?
33
Let n = -23030 + 24020. Calculate the highest common divisor of n and 319.
11
Let x(r) = 22*r + 212. Let a be x(67). What is the highest common divisor of 6 and a?
6
Let n(q) = -19*q**3 + 15*q**3 + 5*q**2 - 2*q + 5*q**3. Suppose 0 = -4*a - 0*a - 16. Let y be n(a). Calculate the highest common divisor of y and 216.
24
Let z(v) = 9*v + 196. Let g(t) = -11*t - 196. Let w(p) = -3*g(p) - 2*z(p). Let a be w(0). Calculate the highest common factor of 294 and a.
98
Let r(z) be the second derivative of -z**4/6 - 15*z**3/2 + 6*z**2 - 24*z - 5. Let o be r(-20). What is the greatest common divisor of o and 144?
16
Let g = 46035 - 44979. Calculate the greatest common divisor of 1248 and g.
96
Let h(n) = -125*n**3 - 307*n**2 + 4*n + 1. Let y be h(-6). Calculate the highest common factor of 65 and y.
65
Suppose -i + 5*i = 5*m - 583, -m + 4*i + 107 = 0. Calculate the highest common divisor of m and 182.
7
Suppose 0 = -0*z - 2*z. Let v = -88 - -132. Suppose 130 = 5*m - 5*n, v = -z*m + 2*m - 4*n. Calculate the greatest common divisor of m and 6.
6
Suppose 2*z + 5 - 9 = 0. Suppose -z*i - 4 = 2*k + k, 4*k - 13 = i. Calculate the highest common divisor of 15 and k.
1
Suppose -5*i = -7*i + 30. Suppose i*o - 37 = 53. Suppose -840 = -o*j - 0*j. What is the highest common factor of j and 20?
20
Suppose 5*x - 70 = -4*d, 2*d = -63*x + 64*x - 28. Calculate the greatest common divisor of 72 and x.
18
Let b = 8718 + -4302. What is the highest common divisor of b and 12?
12
Let o(d) be the third derivative of d**5/60 - d**4/4 + 10*d**3/3 - 56*d**2. Let b be o(8). Calculate the greatest common factor of 120 and b.
12
Let p(k) = 38*k - 499. Let v be p(20). What is the greatest common factor of 667 and v?
29
Suppose 4*r - 7*r - 5*u = -3453, -4*r - u = -4587. Suppose 201 = -5*m + r. What is the highest common divisor of 27 and m?
27
Let c be (-2)/(-5)*(6 + 49/1). Suppose 2*q + c - 94 = -4*k, 2*k + 4*q - 48 = 0. Suppose -11*n + 13*n = k. What is the highest common divisor of n and 20?
4
Let x = 38 - 33. Suppose -x*j + 2*j = -927. Let u = j + -179. Calculate the greatest common divisor of u and 52.
26
Suppose 13*q - 38*q + 15450 = 0. Let l = 658 - q. Calculate the